{"id":298,"date":"2025-03-20T08:46:53","date_gmt":"2025-03-20T07:46:53","guid":{"rendered":"https:\/\/serwer1846308.home.pl\/autoinstalator\/wordpress1\/?page_id=298"},"modified":"2026-01-30T14:32:54","modified_gmt":"2026-01-30T13:32:54","slug":"rekrutacja","status":"publish","type":"page","link":"https:\/\/sp78.wroclaw.pl\/index.php\/rekrutacja\/","title":{"rendered":"Rekrutacja do klas I"},"content":{"rendered":"<p style=\"text-align: center;\">\n<p style=\"text-align: left;\"><a href=\"https:\/\/rekrutacje.edu.wroclaw.pl\/switcher-public\/\">1.\u00a0 Rekrutacja 2026\/2027 (www.edu.wroclaw.pl )<\/a><\/p>\n<p style=\"text-align: left;\"><a href=\"http:\/\/sp78.wroclaw.pl\/wp-content\/uploads\/2026\/01\/Zasady-rekrutacji-do-klas-I.pdf\">2.\u00a0 Zasady rekrutacji do klas I<\/a><\/p>\n<p style=\"text-align: left;\"><a href=\"http:\/\/sp78.wroclaw.pl\/wp-content\/uploads\/2026\/01\/Uchwala-w-sprawie-kryteriow-wraz-z-liczba-punktow.pdf\">3. Uchwa\u0142a w sprawie kryteri\u00f3w wraz z liczb\u0105 punkt\u00f3w<\/a><\/p>\n<p style=\"text-align: left;\"><a href=\"http:\/\/sp78.wroclaw.pl\/wp-content\/uploads\/2026\/01\/Biuletyn-informacyjny.pdf\">4. Biuletyn informacyjny<\/a><\/p>\n<p>&nbsp;<\/p>\n","protected":false},"excerpt":{"rendered":"<p>1.\u00a0 Rekrutacja 2026\/2027 (www.edu.wroclaw.pl ) 2.\u00a0 Zasady rekrutacji do klas I 3. Uchwa\u0142a w sprawie kryteri\u00f3w wraz z liczb\u0105 punkt\u00f3w 4. Biuletyn informacyjny &nbsp;<\/p>\n","protected":false},"author":4,"featured_media":0,"parent":0,"menu_order":0,"comment_status":"closed","ping_status":"closed","template":"","meta":{"footnotes":""},"class_list":["post-298","page","type-page","status-publish","hentry"],"_links":{"self":[{"href":"https:\/\/sp78.wroclaw.pl\/index.php\/wp-json\/wp\/v2\/pages\/298","targetHints":{"allow":["GET"]}}],"collection":[{"href":"https:\/\/sp78.wroclaw.pl\/index.php\/wp-json\/wp\/v2\/pages"}],"about":[{"href":"https:\/\/sp78.wroclaw.pl\/index.php\/wp-json\/wp\/v2\/types\/page"}],"author":[{"embeddable":true,"href":"https:\/\/sp78.wroclaw.pl\/index.php\/wp-json\/wp\/v2\/users\/4"}],"replies":[{"embeddable":true,"href":"https:\/\/sp78.wroclaw.pl\/index.php\/wp-json\/wp\/v2\/comments?post=298"}],"version-history":[{"count":13,"href":"https:\/\/sp78.wroclaw.pl\/index.php\/wp-json\/wp\/v2\/pages\/298\/revisions"}],"predecessor-version":[{"id":2897,"href":"https:\/\/sp78.wroclaw.pl\/index.php\/wp-json\/wp\/v2\/pages\/298\/revisions\/2897"}],"wp:attachment":[{"href":"https:\/\/sp78.wroclaw.pl\/index.php\/wp-json\/wp\/v2\/media?parent=298"}],"curies":[{"name":"wp","href":"https:\/\/api.w.org\/{rel}","templated":true}]}}