{"id":311,"date":"2025-03-20T09:02:24","date_gmt":"2025-03-20T08:02:24","guid":{"rendered":"https:\/\/serwer1846308.home.pl\/autoinstalator\/wordpress1\/?page_id=311"},"modified":"2025-09-08T11:02:52","modified_gmt":"2025-09-08T09:02:52","slug":"kontakt-2","status":"publish","type":"page","link":"https:\/\/sp78.wroclaw.pl\/index.php\/kontakt-2\/","title":{"rendered":"\u015awietlica kontakt"},"content":{"rendered":"<h2 style=\"text-align: center;\"><span style=\"color: #ff0000;\"><strong>Wp\u0142aty na \u015awietlic\u0119<\/strong><\/span><\/h2>\r\n<p><strong>\u00a0<\/strong><strong>Roczna sk\u0142adka na \u015awietlic\u0119 wynosi 100 z\u0142 (p\u0142atne jednorazowo lub w dwu ratach po 50 z\u0142 za p\u00f3\u0142rocze). Zebrane fundusze zostan\u0105 przeznaczone na zakup materia\u0142\u00f3w plastycznych, kartek do rysowania, gier, ksi\u0105\u017cek, zabawek itp., kt\u00f3re wykorzystamy podczas ca\u0142orocznej pracy z dzie\u0107mi w \u015awietlicy. Sk\u0142adka jest dobrowolna.<\/strong><\/p>\r\n<p style=\"text-align: center;\"><span style=\"color: #ff0000;\"><strong><u>Wp\u0142at mo\u017cna dokonywa\u0107 na aktualny nr konta Rady Rodzic\u00f3w:<\/u><\/strong><\/span><\/p>\r\n<p style=\"text-align: center;\"><strong>nr konta: PKO BP SA 73 1020 5226 0000 6902 0875 7132 <\/strong><\/p>\r\n<p style=\"text-align: center;\"><strong>z dopiskiem: \u201eWp\u0142ata na \u015bwietlic\u0119\u201d oraz imi\u0119 i nazwisko dziecka.<\/strong><\/p>\r\n<p>&nbsp;<\/p>\r\n<p style=\"text-align: center;\"><strong>\u015awietlica<\/strong><\/p>\r\n<p style=\"text-align: center;\">Sale nr 1, 11,12 parter<\/p>\r\n<p style=\"text-align: center;\">Godziny pracy: poniedzia\u0142ek \u2013 pi\u0105tek \u00a0 6.30 &#8211; 17.00.<\/p>\r\n<!-- \/wp:post-content -->\r\n\r\n<!-- wp:paragraph -->\r\n<p style=\"text-align: center;\">sala nr 1 tel. 71 798 68 65\u00a0 wew. 201<\/p>\r\n<!-- \/wp:paragraph -->\r\n\r\n<!-- wp:paragraph -->\r\n<p style=\"text-align: center;\">sala nr 11 tel. 71 796 6865 wew. 202<\/p>\r\n<p>&nbsp;<\/p>\r\n<p style=\"text-align: center;\"><strong>Wychowawcy \u015bwietlicy<\/strong><\/p>\r\n<p style=\"text-align: center;\">Olga Boroda, Karolina Kuku\u0142a, Marta Mejer, Joanna Przy\u0142ucka, Przemys\u0142aw Wolski<\/p>","protected":false},"excerpt":{"rendered":"<p>Wp\u0142aty na \u015awietlic\u0119 \u00a0Roczna sk\u0142adka na \u015awietlic\u0119 wynosi 100 z\u0142 (p\u0142atne jednorazowo lub w dwu ratach po 50 z\u0142 za p\u00f3\u0142rocze). Zebrane fundusze zostan\u0105 przeznaczone na zakup materia\u0142\u00f3w plastycznych, kartek do rysowania, gier, ksi\u0105\u017cek, zabawek itp., kt\u00f3re wykorzystamy podczas ca\u0142orocznej pracy z dzie\u0107mi w \u015awietlicy. Sk\u0142adka jest dobrowolna. Wp\u0142at mo\u017cna dokonywa\u0107 na aktualny nr konta Rady Rodzic\u00f3w: nr konta: PKO BP SA 73 1020 5226 0000 6902 0875 7132 z dopiskiem: \u201eWp\u0142ata na \u015bwietlic\u0119\u201d oraz imi\u0119 i nazwisko dziecka. &nbsp; \u015awietlica Sale nr 1, 11,12 parter Godziny pracy: poniedzia\u0142ek \u2013 pi\u0105tek \u00a0 6.30 &#8211; 17.00. sala nr 1 tel. 71 798 68 65\u00a0 wew. 201 sala nr 11 tel. 71 796 6865 wew. 202 &nbsp; Wychowawcy \u015bwietlicy Olga Boroda, Karolina Kuku\u0142a, Marta Mejer, Joanna Przy\u0142ucka, Przemys\u0142aw Wolski<\/p>\n","protected":false},"author":1,"featured_media":0,"parent":0,"menu_order":0,"comment_status":"closed","ping_status":"closed","template":"","meta":{"footnotes":""},"class_list":["post-311","page","type-page","status-publish","hentry"],"_links":{"self":[{"href":"https:\/\/sp78.wroclaw.pl\/index.php\/wp-json\/wp\/v2\/pages\/311","targetHints":{"allow":["GET"]}}],"collection":[{"href":"https:\/\/sp78.wroclaw.pl\/index.php\/wp-json\/wp\/v2\/pages"}],"about":[{"href":"https:\/\/sp78.wroclaw.pl\/index.php\/wp-json\/wp\/v2\/types\/page"}],"author":[{"embeddable":true,"href":"https:\/\/sp78.wroclaw.pl\/index.php\/wp-json\/wp\/v2\/users\/1"}],"replies":[{"embeddable":true,"href":"https:\/\/sp78.wroclaw.pl\/index.php\/wp-json\/wp\/v2\/comments?post=311"}],"version-history":[{"count":7,"href":"https:\/\/sp78.wroclaw.pl\/index.php\/wp-json\/wp\/v2\/pages\/311\/revisions"}],"predecessor-version":[{"id":927,"href":"https:\/\/sp78.wroclaw.pl\/index.php\/wp-json\/wp\/v2\/pages\/311\/revisions\/927"}],"wp:attachment":[{"href":"https:\/\/sp78.wroclaw.pl\/index.php\/wp-json\/wp\/v2\/media?parent=311"}],"curies":[{"name":"wp","href":"https:\/\/api.w.org\/{rel}","templated":true}]}}

Świetlica kontakt

<h2 style="text-align: center;"><span style="color: #ff0000;"><strong>Wpłaty na Świetlicę</strong></span></h2>
<p><strong> </strong><strong>Roczna składka na Świetlicę wynosi 100 zł (płatne jednorazowo lub w dwu ratach po 50 zł za półrocze). Zebrane fundusze zostaną przeznaczone na zakup materiałów plastycznych, kartek do rysowania, gier, książek, zabawek itp., które wykorzystamy podczas całorocznej pracy z dziećmi w Świetlicy. Składka jest dobrowolna.</strong></p>
<p style="text-align: center;"><span style="color: #ff0000;"><strong><u>Wpłat można dokonywać na aktualny nr konta Rady Rodziców:</u></strong></span></p>
<p style="text-align: center;"><strong>nr konta: PKO BP SA 73 1020 5226 0000 6902 0875 7132 </strong></p>
<p style="text-align: center;"><strong>z dopiskiem: „Wpłata na świetlicę” oraz imię i nazwisko dziecka.</strong></p>
<p>&nbsp;</p>
<p style="text-align: center;"><strong>Świetlica</strong></p>
<p style="text-align: center;">Sale nr 1, 11,12 parter</p>
<p style="text-align: center;">Godziny pracy: poniedziałek – piątek   6.30 &#8211; 17.00.</p>
<!-- /wp:post-content -->

<!-- wp:paragraph -->
<p style="text-align: center;">sala nr 1 tel. 71 798 68 65  wew. 201</p>
<!-- /wp:paragraph -->

<!-- wp:paragraph -->
<p style="text-align: center;">sala nr 11 tel. 71 796 6865 wew. 202</p>
<p>&nbsp;</p>
<p style="text-align: center;"><strong>Wychowawcy świetlicy</strong></p>
<p style="text-align: center;">Olga Boroda, Karolina Kukuła, Marta Mejer, Joanna Przyłucka, Przemysław Wolski</p>

<p>Wpłaty na Świetlicę  Roczna składka na Świetlicę wynosi 100 zł (płatne jednorazowo lub w dwu ratach po 50 zł za półrocze). Zebrane fundusze zostaną przeznaczone na zakup materiałów plastycznych, kartek do rysowania, gier, książek, zabawek itp., które wykorzystamy podczas całorocznej pracy z dziećmi w Świetlicy. Składka jest dobrowolna. Wpłat można dokonywać na aktualny nr konta Rady Rodziców: nr konta: PKO BP SA 73 1020 5226 0000 6902 0875 7132 z dopiskiem: „Wpłata na świetlicę” oraz imię i nazwisko dziecka. &nbsp; Świetlica Sale nr 1, 11,12 parter Godziny pracy: poniedziałek – piątek   6.30 &#8211; 17.00. sala nr 1 tel. 71 798 68 65  wew. 201 sala nr 11 tel. 71 796 6865 wew. 202 &nbsp; Wychowawcy świetlicy Olga Boroda, Karolina Kukuła, Marta Mejer, Joanna Przyłucka, Przemysław Wolski</p>
